{"id":1884,"date":"2021-08-29T22:32:50","date_gmt":"2021-08-29T20:32:50","guid":{"rendered":"https:\/\/www.allersretoursasso.fr\/?post_type=product&#038;p=1884"},"modified":"2021-09-01T11:54:42","modified_gmt":"2021-09-01T09:54:42","slug":"je-me-gratte-yang-chenghua","status":"publish","type":"product","link":"https:\/\/www.allersretoursasso.fr\/zh\/films\/je-me-gratte-yang-chenghua\/","title":{"rendered":"<span style=\"font-size: 120%;\"><i>Je Me Gratte<\/i><\/span><br>\u81ea\u60e1<br>YANG Chenghua<br>\u6768\u6210\u6866"},"content":{"rendered":"<div id=\"fb-root\"><\/div>\n<p><em>\u6cd5\u56fd\u514b\u83b1\u8499\u8d39\u6717\u56fd\u9645\u77ed\u7247\u7535\u5f71\u8282\uff08\u5165\u9009\uff09<\/em><\/p>\n<p><em><span style=\"font-weight: 400;\">\u6cd5\u56fdPrix UniFrance\u77ed\u7247\u8d4f\uff08\u5165\u9009\uff09<\/span><\/em><\/p>\n<p><em><span style=\"font-weight: 400;\">Paris International Animation Film Festival &#8211; Prix Coup de coeur du Jury \u00c9coles d&#8217;animation \/ Prix d&#8217;Interpr\u00e9tation \/ Prix du Public<\/span><\/em><\/p>\n<p><iframe loading=\"lazy\" width=\"525\" height=\"295\" src=\"https:\/\/www.youtube.com\/embed\/OkWTKT1stnY?feature=oembed\" frameborder=\"0\" allow=\"accelerometer; autoplay; clipboard-write; encrypted-media; gyroscope; picture-in-picture\" allowfullscreen><\/iframe><\/p>\n<p style=\"text-align: justify;\">\u5206\u624b\u4e4b\u540e\uff0cWen\u9677\u5165\u4e86\u6291\u90c1\u3002\u5979\u81ea\u8a00\u81ea\u8bed\uff0c\u5bf9\u81ea\u6211\u7684\u8ba4\u77e5\u5728\u53cc\u5411\u6781\u7aef\u60c5\u7eea\u4e2d\u6447\u6446\u4e0d\u5b9a\uff0c\u6e34\u671b\u4ece\u81ea\u6211\u5426\u5b9a\u4e2d\u6323\u8131\uff0c\u5374\u53cd\u590d\u8dcc\u5165\u5fe7\u90c1\u7684\u6df1\u6e0a\u3002\u6216\u8bb8\u5979\u4e5f\u610f\u8bc6\u5230\uff0c\u81ea\u5df1\u5931\u53bb\u7684\u4e0d\u662f\u7231\u60c5\uff0c\u800c\u662f\u81ea\u4fe1\u2026\u2026<\/p>\n<p><span style=\"color: #999999;\"><em><span style=\"font-weight: 400;\">\u8eab\u4f53\u65e2\u662f\u6f5c\u5728\u7684\u503e\u8bc9\u8005\uff0c\u53c8\u662f\u60c5\u611f\u7684\u8f7d\u4f53\uff0c\u5168\u7247\u7684\u8282\u594f\u8d77\u4f0f\u7d27\u968f\u60c5\u7eea\u7684\u6ce2\u52a8\u548c\u80a2\u4f53\u7684\u52a8\u4f5c\u800c\u63a8\u8fdb\u3002\u4f5c\u8005\u4ee5\u4eb2\u8eab\u7ecf\u5386\u4e3a\u7075\u611f\uff0c\u901a\u8fc7\u5bf9\u81ea\u6211\u7684\u5ba1\u89c6\uff0c\u628a\u72ec\u5904\u65f6\u7684\u8d1f\u9762\u6781\u7aef\u60c5\u7eea\u653e\u5165\u4f5c\u54c1\u4e2d\uff0c\u5c06\u6709\u7f9e\u803b\u611f\u7684\uff0c\u6781\u5ea6\u9690\u79c1\u7684\u9634\u6697\u9762\u8868\u8fbe\u51fa\u6765\uff0c\u66ff\u6291\u90c1\u8005\u4eec\u503e\u8bc9\u5185\u5fc3\u7684\u7126\u8651\uff0c\u4e3a\u6446\u8131\u75db\u82e6\u548c\u538b\u6291\u5bfb\u627e\u51fa\u53e3\u3002<\/span><\/em><\/span><\/p>\n<div class=\"agenda\">\n<p style=\"margin: 0in; font-family: \u5fae\u8f6f\u96c5\u9ed1; font-size: 11.0pt;\">\u77ed\u7247\u573a\uff1a<\/p>\n<p style=\"margin: 0in; font-family: \u5fae\u8f6f\u96c5\u9ed1; font-size: 12.0pt;\"><span style=\"font-weight: bold;\">\u5409\u7f8e\u56fd\u7acb\u4e9a\u6d32\u827a\u672f\u535a\u7269\u9986\uff1a9\u670822\u65e5 14\u70b9<\/span><\/p>\n<p style=\"margin: 0in; font-family: \u5fae\u8f6f\u96c5\u9ed1; font-size: 12.0pt;\"><span style=\"font-weight: bold;\">Ursuline\u5f71\u9662\uff1a10\u67081\u65e5 19\u70b915\u5206<\/span><\/p>\n<\/div>","protected":false},"excerpt":{"rendered":"<p>2020 \/ 9\u2019 \/ Fran\u00e7ais \/ Animation S\u00e9lectionn\u00e9 au Festival international du court m\u00e9trage de Clermont-Ferrand 2021 Paris International Animation Film Festival &#8211; Prix Coup de coeur du Jury \u00c9coles d&#8217;animation \/ Prix d&#8217;Interpr\u00e9tation \/ Prix du Public Suite \u00e0 une rupture, Wen se renferme et sombre dans la me\u0301lancolie. Elle n\u2019arrive a\u0300 parler a\u0300 &hellip; <\/p>\n<p class=\"link-more\"><a href=\"https:\/\/www.allersretoursasso.fr\/zh\/films\/je-me-gratte-yang-chenghua\/\" class=\"more-link\">\u7ee7\u7eed\u9605\u8bfb<span class=\"screen-reader-text\">\u201c<span style=\"font-size: 120%;\"><i>Je Me Gratte<\/i><\/span><br \/>\u81ea\u60e1<br \/>YANG Chenghua<br \/>\u6768\u6210\u6866\u201d<\/span><\/a><\/p>","protected":false},"featured_media":1885,"comment_status":"open","ping_status":"closed","template":"","meta":[],"_links":{"self":[{"href":"https:\/\/www.allersretoursasso.fr\/zh\/wp-json\/wp\/v2\/product\/1884"}],"collection":[{"href":"https:\/\/www.allersretoursasso.fr\/zh\/wp-json\/wp\/v2\/product"}],"about":[{"href":"https:\/\/www.allersretoursasso.fr\/zh\/wp-json\/wp\/v2\/types\/product"}],"replies":[{"embeddable":true,"href":"https:\/\/www.allersretoursasso.fr\/zh\/wp-json\/wp\/v2\/comments?post=1884"}],"wp:featuredmedia":[{"embeddable":true,"href":"https:\/\/www.allersretoursasso.fr\/zh\/wp-json\/wp\/v2\/media\/1885"}],"wp:attachment":[{"href":"https:\/\/www.allersretoursasso.fr\/zh\/wp-json\/wp\/v2\/media?parent=1884"}],"curies":[{"name":"wp","href":"https:\/\/api.w.org\/{rel}","templated":true}]}}

<span style="font-size: 120%;"><i>Je Me Gratte</i></span><br>自惡<br>YANG Chenghua<br>杨成桦

<div id="fb-root"></div>
<p><em>法国克莱蒙费朗国际短片电影节（入选）</em></p>
<p><em><span style="font-weight: 400;">法国Prix UniFrance短片赏（入选）</span></em></p>
<p><em><span style="font-weight: 400;">Paris International Animation Film Festival &#8211; Prix Coup de coeur du Jury Écoles d&#8217;animation / Prix d&#8217;Interprétation / Prix du Public</span></em></p>
<p><iframe loading="lazy" width="525" height="295" src="https://www.youtube.com/embed/OkWTKT1stnY?feature=oembed" frameborder="0" allow="accelerometer; autoplay; clipboard-write; encrypted-media; gyroscope; picture-in-picture" allowfullscreen></iframe></p>
<p style="text-align: justify;">分手之后，Wen陷入了抑郁。她自言自语，对自我的认知在双向极端情绪中摇摆不定，渴望从自我否定中挣脱，却反复跌入忧郁的深渊。或许她也意识到，自己失去的不是爱情，而是自信……</p>
<p><span style="color: #999999;"><em><span style="font-weight: 400;">身体既是潜在的倾诉者，又是情感的载体，全片的节奏起伏紧随情绪的波动和肢体的动作而推进。作者以亲身经历为灵感，通过对自我的审视，把独处时的负面极端情绪放入作品中，将有羞耻感的，极度隐私的阴暗面表达出来，替抑郁者们倾诉内心的焦虑，为摆脱痛苦和压抑寻找出口。</span></em></span></p>
<div class="agenda">
<p style="margin: 0in; font-family: 微软雅黑; font-size: 11.0pt;">短片场：</p>
<p style="margin: 0in; font-family: 微软雅黑; font-size: 12.0pt;"><span style="font-weight: bold;">吉美国立亚洲艺术博物馆：9月22日 14点</span></p>
<p style="margin: 0in; font-family: 微软雅黑; font-size: 12.0pt;"><span style="font-weight: bold;">Ursuline影院：10月1日 19点15分</span></p>
</div>

<p>2020 / 9’ / Français / Animation Sélectionné au Festival international du court métrage de Clermont-Ferrand 2021 Paris International Animation Film Festival &#8211; Prix Coup de coeur du Jury Écoles d&#8217;animation / Prix d&#8217;Interprétation / Prix du Public Suite à une rupture, Wen se renferme et sombre dans la mélancolie. Elle n’arrive à parler à &hellip; </p>
<p class="link-more"><a href="https://www.allersretoursasso.fr/zh/films/je-me-gratte-yang-chenghua/" class="more-link">继续阅读<span class="screen-reader-text">“<span style="font-size: 120%;"><i>Je Me Gratte</i></span><br />自惡<br />YANG Chenghua<br />杨成桦”</span></a></p>
